Let j(q) = -2*f(q) - 2*p(q). Let l be 14/(-4)*84/(-49). What are the prime factors of j(l)?
2, 31
Let s be -3*3/18*-12. Suppose s = a + 39. Let n = 71 + a. What are the prime factors of n?
2, 19
Let i(y) = 3*y**2 + 4*y - 30. Let v be i(6). Suppose 5*q = 377 - v. What are the prime factors of q?
5, 11
Suppose -2*y + 25*s = 30*s - 42578, 2*y - 4*s - 42614 = 0. List the prime factors of y.
19, 59
Let b be 2*(-3)/2 + 8. Suppose -4*n + 1850 = 2*w, 0*w = -n + w + 470. Suppose -b*f = 2*d - 234 + 31, n = 5*d + 4*f. List the prime factors of d.
89
Suppose -4*g + 23*y - 8 = 21*y, 0 = -2*g + 4*y - 16. Suppose -31*q + 26*q + 2530 = g. List the prime factors of q.
2, 11, 23
Let g = 244 + -236. Suppose -9*k + g*k + w + 168 = 0, -4*k + 678 = -w. List the prime factors of k.
2, 5, 17
Let d be -2 - -2 - (8 + -11). Suppose -430 = 2*y - 3*t - 1618, -3*t - 1785 = -d*y. List the prime factors of y.
3, 199
Let s(d) = 1360*d - 1248. List the prime factors of s(5).
2, 347
Let y be (10/(-20))/((-2)/(-1756)). Let s = y + 1013. What are the prime factors of s?
2, 7, 41
Let f(o) = 279*o**2 + 5*o - 19. Let d(x) = -x**2 + 20*x - 17. Let u be d(19). List the prime factors of f(u).
3, 41
Let l(q) = 67*q**3 - 80*q**2 - 9*q + 14. List the prime factors of l(6).
2, 19
Suppose 8*r - 15 - 1 = 0. Suppose -1268 = -4*g + 3*s, -4*s = r*g + 299 - 955. What are the prime factors of g?
2, 5
Let s be (-12)/(-2 + -1) + 13. Let p(k) = -k + 17. Let a be p(s). Suppose a*t - 204 = -3*t. List the prime factors of t.
2, 17
Suppose 865*c - 861*c - 2*b - 16204 = 0, -2*c - b = -8102. What are the prime factors of c?
4051
Let i(h) = -179*h**2 + 6*h - 6. Let k be i(3). Let w = -887 - k. List the prime factors of w.
2, 89
Let l(u) = -3*u + u**2 - 16*u - u + 3*u + 3. Let r be l(-13). Suppose 0 = 3*d - 0*d - r. List the prime factors of d.
131
Let d = 6743 + -4562. List the prime factors of d.
3, 727
Suppose 1 = -3*d - 11. Let b be 0/(4 + -2) - d. Suppose b*s - 40 = -s. What are the prime factors of s?
2
Let g = -79277 - -115519. List the prime factors of g.
2, 18121
Let o = -39 + 41. Suppose -o*d + 299 + 121 = 0. List the prime factors of d.
2, 3, 5, 7
Let y be 1/((-15)/10) + (-92)/(-3). Suppose 16 = -y*k + 28*k. Let w = 27 + k. What are the prime factors of w?
19
Let z(a) = -3082*a**3 - a**2 + 6*a + 7. What are the prime factors of z(-1)?
2, 23, 67
What are the prime factors of (515/7 - 3/(-7))*353?
2, 37, 353
List the prime factors of 28*(4839975/84)/35.
3, 5, 7, 439
Suppose 0 = 3*s - 3, 0 = -3*k + 5*s - 3 + 13. Suppose -6*x = -5*x + v - 36, -k*v = 20. What are the prime factors of x?
2, 5
Let z(q) = 74*q + 728. List the prime factors of z(36).
2, 53
Suppose 7*o + 0*o = 0. Suppose i + 2*u + u - 157 = 0, 4*u + 20 = o. Let x = i - 60. What are the prime factors of x?
2, 7
Let k(v) = v**3 - 2*v**2 + 12*v + 26. Let x(d) = 20*d - 30. Let r be x(2). What are the prime factors of k(r)?
2, 11, 43
Let d(k) = -26*k + 38. Let z(u) = 37*u - 37. Let v(x) = -6*d(x) - 5*z(x). Let p(a) = a**2 - 7*a + 5. Let o be p(4). What are the prime factors of v(o)?
2, 5
Suppose 0 = 6*u - 2429 - 763. Let p = u - 468. List the prime factors of p.
2
Let j(d) = 28 - 72*d - 2 + 71*d + 5. Let s be 7*-2 + 14/(-7). List the prime factors of j(s).
47
Let a = 83 - 81. List the prime factors of (3 - a)/((-3)/(-1089)).
3, 11
Let p(s) = -103*s - 884. List the prime factors of p(-23).
3, 5, 11
Suppose -109199 = -11*g - 32771. Suppose 0 = -357*d + 369*d - g. What are the prime factors of d?
3, 193
Suppose 24*i = 33766 + 10874. Suppose 3*o = -255 + i. What are the prime factors of o?
5, 107
Let m(q) be the first derivative of -q**4/4 + 5*q**3/3 - 7*q**2/2 + q - 19. Let v be m(3). What are the prime factors of ((-846)/(-3))/(v - (-6 - -2))?
3, 47
Let q be 3/9 - (-1994)/(-6). Let h = q - -703. What are the prime factors of h?
7, 53
Let j be 1/((3 - 4)/(-3)). Suppose -y - 8 = -4*i, -j*y + 13 + 8 = 3*i. List the prime factors of 4*(-1 + 78/y).
2, 37
List the prime factors of 10/125 - (-3909122)/350.
3, 17, 73
Let l(k) = 887*k**2 + 141*k - 21. List the prime factors of l(3).
3, 5, 13, 43
Let j = 237 + -91. Suppose -3*n = -55 - j. What are the prime factors of n?
67
Suppose -l + 598 = -5*m, 7*l - 2*m + 1692 = 10*l. List the prime factors of l.
2, 71
Let r(n) = 185*n**2 + 5*n - 5. Let m(s) = 186*s**2 + 5*s - 3. Let j(z) = 3*m(z) - 2*r(z). What are the prime factors of j(-1)?
2, 23
Suppose -5*g = m + 13, -4*g - 3 = -3*g. List the prime factors of -1 - -512 - (-3 - 0/m).
2, 257
Let r be 15/2 - ((-9)/2 - -4). Suppose -r*b - 160 = -13*b. List the prime factors of b.
2
What are the prime factors of (406/(-126) - -3) + ((-555862)/18)/(-1)?
30881
Suppose -5*j - 20 = 0, -f = 3*j - 7632 + 3041. List the prime factors of f.
4603
Suppose 37*z - 4096837 = -175*z - 45*z. What are the prime factors of z?
19, 839
List the prime factors of (13 + -12)/((-21)/35 + 48874/81440).
2, 509
Let f = 1265 + -2020. Let p = f - -1456. List the prime factors of p.
701
Suppose 3*p = 0, 2*y - 4*y - 2*y + 74580 = -5*p. List the prime factors of y.
3, 5, 11, 113
Let f(n) = 80*n**2 - 100*n - 697. What are the prime factors of f(-10)?
19, 23
Suppose 3*h = 306*k - 308*k + 71213, -35605 = -k - 3*h. What are the prime factors of k?
2, 4451
Suppose 16*x + 819 = 2*d + 17*x, 3*d = -5*x + 1232. What are the prime factors of d?
409
Let y = -501 + 501. Suppose 19*w - a = 14*w + 3720, -4*a - 20 = y. What are the prime factors of w?
743
Suppose -20*u - 63 = -13*u. What are the prime factors of (39/(-4))/(u/336)?
2, 7, 13
Let s = 36 - 32. Let b be ((2 - s) + -3)*-1. Suppose b*y + 152 = 7*y. List the prime factors of y.
2, 19
Let b(r) = r**3 - 103*r**2 - 1038*r + 49. List the prime factors of b(114).
11, 2243
Let o(l) = -12*l + 5. Let w be o(-9). Let k = 178 - w. Suppose -k - 111 = -8*t. List the prime factors of t.
2, 11
Suppose 0 = -11*u + 63 + 509. Let r = 123 - u. Suppose -2*w = -r - 161. List the prime factors of w.
2, 29
Suppose -17 = 4*w - 3*c, 5*c = -3*w + 2 + 7. What are the prime factors of ((-6)/(-24))/(w/(-40))*193?
5, 193
Suppose 15*t - 4*m = 10*t + 2402, 0 = -3*t + 5*m + 1436. Let o = 903 - t. List the prime factors of o.
421
Suppose 0 = -3*z + 1759 + 2486. Suppose 2*r - 7*r = -z. List the prime factors of r.
283
Let w = 30 + -7. Suppose -61 + 685 = 16*p. Let c = w + p. List the prime factors of c.
2, 31
Suppose -8*l - 2*l = -2*l. Suppose 15*a + 12051 - 30906 = l. List the prime factors of a.
3, 419
Suppose 0 = 16*z - 45124 + 11095 - 444499. What are the prime factors of z?
2, 7477
Suppose -5*d + 30 = d. Suppose 0*p = -d*p + 360. Suppose 0 = -4*v + 7*v - p. What are the prime factors of v?
2, 3
Let f be -244*1*(-3)/4. Let x = -64 - 40. Let d = x + f. List the prime factors of d.
79
Suppose -5*m + 5 = 5*q, 3*m = q + m - 10. Let n = q - -16. Suppose -4*l + 2*g + 274 = 0, -2*g = 2*g + n. What are the prime factors of l?
2, 3, 11
Suppose -b - 1 = 0, -352*b + 347*b = 4*t - 5331. What are the prime factors of t?
2, 23, 29
Let x(d) = -d**3 + 14*d**2 - 12*d + 20. Suppose -8*k + 11*k = 0. Suppose -3*v + 48 = -5*z + 14, k = -5*v + 4*z + 61. What are the prime factors of x(v)?
3, 11
Suppose -3*f + 0*f = -4*d - 9, 4*d + 7 = 5*f. Let v be 3/((-2)/7 - d/7). Suppose v*p - 22*p = -47. List the prime factors of p.
47
Suppose 0 = -4*d - 4*h + 136, d - h - 2*h = 42. Let q be (1/(6/(-8)))/(d/(-3294)). What are the prime factors of (-2 + q + 2)*1 + 4?
2, 3, 7
Suppose 3*a = -5*n + 7306, 4*n - 7*n = 3. What are the prime factors of a?
2437
Let p(i) = 668*i**2 + 23*i - 129. What are the prime factors of p(4)?
10651
Let w = 13448 + -4788. List the prime factors of w.
2, 5, 433
Suppose h = -2*n + 747, 6*h - 2*n - 755 = 5*h. List the prime factors of h.
751
Suppose -106*a + 1433278 = -130*a + 311*a. List the prime factors of a.
2, 11, 227
Let l be (-2)/(-8) - 526/(-8). Let y(k) = -17*k + 351. Let p be y(23). Let b = l + p. List the prime factors of b.
2, 13
Let j(x) = -x**2 - 10*x + 61. Let m be j(4). Suppose -3*i - 2*r = -0*r - 1495, -m*i - 3*r + 2491 = 0. List the prime factors of i.
7, 71
Let q(o) = 121*o**2 - 6*o - 4. Suppose 0 = -y + 11*f - 15*f - 17, 0 = y + 2*f + 9. What are the prime factors of q(y)?
3, 41
Let a = 188 + -392. Let d = a + 208. What are the prime factors of d?
2
Suppose 0 = 5*o + 1